{"id":604,"date":"2019-01-20T10:56:50","date_gmt":"2019-01-20T10:56:50","guid":{"rendered":"http:\/\/ervo-commissioning.nl\/?page_id=604"},"modified":"2019-11-30T10:36:43","modified_gmt":"2019-11-30T10:36:43","slug":"privacybeleid","status":"publish","type":"page","link":"https:\/\/ervo-commissioning.nl\/?page_id=604","title":{"rendered":"Privacybeleid"},"content":{"rendered":"\n<p>Deze website gebruikt g\u00e9\u00e9n cookies en ErV0-Commissioning verzamelt g\u00e9\u00e9n persoonsgegevens, anders dan de persoonsgegevens die u zelf aan mij geeft.<\/p>\n\n\n\n<p>Voor het schrijven van een bericht in het gastenboek bijvoorbeeld, moet u uw naam en e-mailadres invullen. Deze gegevens worden <strong>niet<\/strong> gepubliceerd en ook <strong>niet<\/strong> met  anderen gedeeld, maar worden <strong>wel<\/strong> bewaard. <\/p>\n\n\n\n<p>Deze gegevens worden gebruikt om eventueel te kunnen reageren op uw bericht. Deze informatie wordt \u00e9\u00e9n jaar na uw laatste bericht verwijderd<\/p>\n","protected":false},"excerpt":{"rendered":"<p>Deze website gebruikt g\u00e9\u00e9n cookies en ErV0-Commissioning verzamelt g\u00e9\u00e9n persoonsgegevens, anders dan de persoonsgegevens die u zelf aan mij geeft. Voor het schrijven van een bericht in het gastenboek bijvoorbeeld, moet u uw naam en e-mailadres invullen. Deze gegevens worden niet gepubliceerd en ook niet met anderen gedeeld, maar worden wel bewaard. Deze gegevens worden &hellip; <\/p>\n<p class=\"link-more\"><a href=\"https:\/\/ervo-commissioning.nl\/?page_id=604\" class=\"more-link\"><span class=\"screen-reader-text\">&#8220;Privacybeleid&#8221;<\/span> verder lezen<\/a><\/p>\n","protected":false},"author":1,"featured_media":0,"parent":0,"menu_order":0,"comment_status":"closed","ping_status":"closed","template":"","meta":[],"_links":{"self":[{"href":"https:\/\/ervo-commissioning.nl\/index.php?rest_route=\/wp\/v2\/pages\/604"}],"collection":[{"href":"https:\/\/ervo-commissioning.nl\/index.php?rest_route=\/wp\/v2\/pages"}],"about":[{"href":"https:\/\/ervo-commissioning.nl\/index.php?rest_route=\/wp\/v2\/types\/page"}],"author":[{"embeddable":true,"href":"https:\/\/ervo-commissioning.nl\/index.php?rest_route=\/wp\/v2\/users\/1"}],"replies":[{"embeddable":true,"href":"https:\/\/ervo-commissioning.nl\/index.php?rest_route=%2Fwp%2Fv2%2Fcomments&post=604"}],"version-history":[{"count":8,"href":"https:\/\/ervo-commissioning.nl\/index.php?rest_route=\/wp\/v2\/pages\/604\/revisions"}],"predecessor-version":[{"id":779,"href":"https:\/\/ervo-commissioning.nl\/index.php?rest_route=\/wp\/v2\/pages\/604\/revisions\/779"}],"wp:attachment":[{"href":"https:\/\/ervo-commissioning.nl\/index.php?rest_route=%2Fwp%2Fv2%2Fmedia&parent=604"}],"curies":[{"name":"wp","href":"https:\/\/api.w.org\/{rel}","templated":true}]}}